{"id":48,"date":"2024-02-11T20:21:23","date_gmt":"2024-02-11T19:21:23","guid":{"rendered":"http:\/\/joullain.com\/?page_id=48"},"modified":"2024-02-11T20:21:23","modified_gmt":"2024-02-11T19:21:23","slug":"barreaux","status":"publish","type":"page","link":"https:\/\/joullain.com\/index.php\/barreaux\/","title":{"rendered":"Barreaux"},"content":{"rendered":"\n<div class=\"wp-block-columns is-layout-flex wp-container-core-columns-is-layout-9d6595d7 wp-block-columns-is-layout-flex\">\n<div class=\"wp-block-column is-layout-flow wp-block-column-is-layout-flow\">\n<h5 class=\"wp-block-heading plan\" style=\"font-style:normal;font-weight:100\"><a href=\"https:\/\/www.cours-appel.justice.fr\/dijon\/tribunal-judiciaire-de-chaumont\" target=\"_blank\" rel=\"noreferrer noopener\">Tribunal judiciaire de Chaumont <\/a><\/h5>\n\n\n\n<p>Depuis 2023, C\u00e9cile JOULLAIN a ouvert un cabinet secondaire aupr\u00e8s du Barreau de la Haute-Marne en vue de r\u00e9pondre aux besoins juridiques et judiciaires des diff\u00e9rents acteurs de secteur de l\u2019immobilier de la R\u00e9gion Grand Est.<\/p>\n\n\n\n<p>Elle peut d\u00e9fendre vos int\u00e9r\u00eats devant le Tribunal judiciaire et le Tribunal de commerce de Chaumont ainsi que devant la Cour d&rsquo;Appel de Dijon.<\/p>\n<\/div>\n\n\n\n<div class=\"wp-block-column is-layout-flow wp-block-column-is-layout-flow\" style=\"flex-basis:50px\"><\/div>\n\n\n\n<div class=\"wp-block-column is-layout-flow wp-block-column-is-layout-flow\">\n<h5 class=\"wp-block-heading\" style=\"font-style:normal;font-weight:200\"><a href=\"https:\/\/www.tribunal-de-paris.justice.fr\/75\" target=\"_blank\" rel=\"noreferrer noopener\">Tribunal de Paris<\/a><\/h5>\n\n\n\n<p>Avocat au Barreau de PARIS depuis 2002, C\u00e9cile JOULLAIN a acquis son exp\u00e9rience au sein de cabinets parisiens r\u00e9put\u00e9s et sp\u00e9cialis\u00e9s en droit immobilier.<\/p>\n\n\n\n<p>Au sein d&rsquo;un grand  cabinet parisien elle a suivi tout sp\u00e9cialement les dossiers de droit de la copropri\u00e9t\u00e9 et de la construction durant 15 ans.<\/p>\n<\/div>\n<\/div>\n","protected":false},"excerpt":{"rendered":"<p>Tribunal judiciaire de Chaumont Depuis 2023, C\u00e9cile JOULLAIN a ouvert un cabinet secondaire aupr\u00e8s du Barreau de la Haute-Marne en vue de r\u00e9pondre aux besoins juridiques et judiciaires des diff\u00e9rents acteurs de secteur de l\u2019immobilier de la R\u00e9gion Grand Est. Elle peut d\u00e9fendre vos int\u00e9r\u00eats devant le Tribunal judiciaire et le Tribunal de commerce de &hellip; <\/p>\n<p class=\"link-more\"><a href=\"https:\/\/joullain.com\/index.php\/barreaux\/\" class=\"more-link\">Continuer la lecture<span class=\"screen-reader-text\"> de &laquo;&nbsp;Barreaux&nbsp;&raquo;<\/span><\/a><\/p>\n","protected":false},"author":2,"featured_media":54,"parent":0,"menu_order":0,"comment_status":"closed","ping_status":"closed","template":"","meta":{"footnotes":""},"class_list":["post-48","page","type-page","status-publish","has-post-thumbnail","hentry"],"_links":{"self":[{"href":"https:\/\/joullain.com\/index.php\/wp-json\/wp\/v2\/pages\/48","targetHints":{"allow":["GET"]}}],"collection":[{"href":"https:\/\/joullain.com\/index.php\/wp-json\/wp\/v2\/pages"}],"about":[{"href":"https:\/\/joullain.com\/index.php\/wp-json\/wp\/v2\/types\/page"}],"author":[{"embeddable":true,"href":"https:\/\/joullain.com\/index.php\/wp-json\/wp\/v2\/users\/2"}],"replies":[{"embeddable":true,"href":"https:\/\/joullain.com\/index.php\/wp-json\/wp\/v2\/comments?post=48"}],"version-history":[{"count":24,"href":"https:\/\/joullain.com\/index.php\/wp-json\/wp\/v2\/pages\/48\/revisions"}],"predecessor-version":[{"id":634,"href":"https:\/\/joullain.com\/index.php\/wp-json\/wp\/v2\/pages\/48\/revisions\/634"}],"wp:featuredmedia":[{"embeddable":true,"href":"https:\/\/joullain.com\/index.php\/wp-json\/wp\/v2\/media\/54"}],"wp:attachment":[{"href":"https:\/\/joullain.com\/index.php\/wp-json\/wp\/v2\/media?parent=48"}],"curies":[{"name":"wp","href":"https:\/\/api.w.org\/{rel}","templated":true}]}}